igit of 2254159753?
9
What is the ten thousands digit of 152615207?
1
What is the hundreds digit of 451939275?
2
What is the ten thousands digit of 1831925936?
2
What is the tens digit of 66966721?
2
What is the hundreds digit of 181135326?
3
What is the thousands digit of 524458648?
8
What is the hundred thousands digit of 298300557?
3
What is the units digit of 120086325?
5
What is the units digit of 165071087?
7
What is the ten thousands digit of 4754456990?
5
What is the ten thousands digit of 120357462?
5
What is the hundreds digit of 952003454?
4
What is the ten thousands digit of 104713688?
1
What is the tens digit of 177783003?
0
What is the ten millions digit of 251892917?
5
What is the hundred thousands digit of 50360091?
3
What is the hundred millions digit of 123748394?
1
What is the units digit of 38267210?
0
What is the units digit of 813475790?
0
What is the thousands digit of 407012630?
2
What is the millions digit of 634009596?
4
What is the hundred thousands digit of 21679910?
6
What is the millions digit of 284450852?
4
What is the ten millions digit of 770487501?
7
What is the units digit of 63179803?
3
What is the thousands digit of 103024089?
4
What is the millions digit of 683136763?
3
What is the tens digit of 2888249743?
4
What is the units digit of 3153872422?
2
What is the ten millions digit of 120339306?
2
What is the tens digit of 395721055?
5
What is the millions digit of 3042027684?
2
What is the units digit of 2326118927?
7
What is the ten millions digit of 481314859?
8
What is the hundred thousands digit of 174493029?
4
What is the ten millions digit of 83515032?
8
What is the tens digit of 114786679?
7
What is the units digit of 87438033?
3
What is the units digit of 1000260585?
5
What is the tens digit of 18233422?
2
What is the tens digit of 204025869?
6
What is the ten millions digit of 146257218?
4
What is the ten thousands digit of 2358546511?
4
What is the thousands digit of 33652061?
2
What is the tens digit of 127637215?
1
What is the hundred millions digit of 656776901?
6
What is the hundred thousands digit of 51832229?
8
What is the ten thousands digit of 1748639118?
3
What is the hundreds digit of 51704029?
0
What is the hundred millions digit of 364600985?
3
What is the hundreds digit of 1940412164?
1
What is the thousands digit of 456027434?
7
What is the ten thousands digit of 881086992?
8
What is the ten millions digit of 65915080?
6
What is the millions digit of 57949695?
7
What is the tens digit of 182577593?
9
What is the hundred thousands digit of 12010074?
0
What is the millions digit of 812835053?
2
What is the tens digit of 42527027?
2
What is the hundred thousands digit of 483565909?
5
What is the millions digit of 632627277?
2
What is the ten millions digit of 253818573?
5
What is the ten millions digit of 146162197?
4
What is the hundred millions digit of 128830544?
1
What is the hundred millions digit of 3609065220?
6
What is the tens digit of 2778905917?
1
What is the hundred thousands digit of 598874601?
8
What is the hundred thousands digit of 8608054?
6
What is the ten millions digit of 603969580?
0
What is the units digit of 105242036?
6
What is the thousands digit of 489701137?
1
What is the units digit of 167932442?
2
What is the units digit of 133853028?
8
What is the thousands digit of 257847587?
7
What is the ten thousands digit of 805295046?
9
What is the units digit of 13595907?
7
What is the hundred thousands digit of 391723922?
7
What is the hundred millions digit of 128076051?
1
What is the ten thousands digit of 12866977?
6
What is the hundreds digit of 388655874?
8
What is the ten thousands digit of 1388464345?
6
What is the thousands digit of 227002439?
2
What is the hundreds digit of 72645089?
0
What is the units digit of 3288659880?
0
What is the units digit of 167193702?
2
What is the millions digit of 2499241328?
9
What is the hundred thousands digit of 4601322144?
3
What is the ten millions digit of 4521686856?
2
What is the thousands digit of 224058468?
8
What is the hundreds digit of 4805366492?
4
What is the hundred millions digit of 143425815?
1
What is the hundred millions digit of 197405001?
1
What is the tens digit of 5097712147?
4
What is the hundreds digit of 42769238?
2
What is the tens digit of 53184395?
9
What is the hundred thousands digit of 2766081?
7
What is the units digit of 149488060?
0
What is the thousands digit of 256687287?
7
What is the tens digit of 3299239?
3
What is the hundred thousands digit of 877106173?
1
What is the hundred millions digit of 1007521671?
0
What is the hundred millions digit of 225554747?
2
What is the ten thousands digit of 928662445?
6
What is the tens digit of 763710924?
2
What is the millions digit of 278949903?
8
What is the ten thousands digit of 137061787?
6
What is the thousands digit of 1795376909?
6
What is the ten millions digit of 339799705?
3
What is the ten thousands digit of 6420336?
2
What is the units digit of 21714171?
1
What is the thousands digit of 5504977?
4
What is the ten thousands digit of 1550846188?
4
What is the millions digit of 776891717?
6
What is the ten millions digit of 1348796439?
4
What is the tens digit of 9373795?
9
What is the ten millions digit of 841795804?
4
What is the ten millions digit of 13449555?
1
What is the hundred thousands digit of 47501716?
5
What is the hundreds digit of 336524663?
6
What is the tens digit of 2323668?
6
What is the ten thousands digit of 172614755?
1
What is the units digit of 2581939460?
0
What is the millions digit of 2833901991?
3
What is the units digit of 263059520?
0
What is the hundreds digit of 2552408247?
2
What is the tens digit of 1190510716?
1
What is the ten thousands digit of 20962132?
6
What is the tens digit of 2868175271?
7
What is the tens digit of 90311449?
4
What is the thousands digit of 71010529?
0
What is the ten thousands digit of 5091259765?
5
What is the thousands digit of 18538703?
8
What is the ten millions digit of 535070615?
3
What is the units digit of 2579385510?
0
What is the units digit of 9803797219?
9
What is the thousands digit of 1677185395?
5
What is the thousands digit of 10106865?
6
What is the units digit of 47910966?
6
What is the units digit of 131504104?
4
What is the tens digit of 3422384?
8
What is the hundred millions digit of 1532765061?
5
What is the thousands digit of 1544010681?
0
What is the ten millions digit of 23319482?
2
What is the billions digit of 1372571278?
1
What is the tens digit of 1482346403?
0
What is the thousands digit of 191836609?
6
What is the hundred thousands digit of 988170996?
1
What is the ten millions digit of 382463492?
8
What is the hundred millions digit of 259365485?
2
What is the ten millions digit of 1477095641?
7
What is the thousands digit of 6358357835?
7
What is the hundreds digit of 3636037674?
6
What is the millions digit of 54469074?
4
What is the hundreds digit of 1105310135?
1
What is the ten millions digit of 274037336?
7
What is the units digit of 16747508?
8
What is the hundred millions digit of 1785099851?
7
What is the millions digit of 367943740?
7
What is the units digit of 420830462?
2
What is the hundred millions digit of 1094711530?
0
What is the tens digit of 97125748?
4
What is the ten thousands digit of 61863502?
6
What is the ten millions digit of 19478811?
1
What is the hundreds digit of 340586195?
1
What is the tens digit of 732785338?
3
What is the hundreds digit of 50224325?
3
What is the thousands digit of 1797388060?
8
What is the units digit of 473955193?
3
What is the ten millions digit of 1119721007?
1
What is the tens digit of 95882464?
6
What is the units digit of 16594?
4
What is the millions digit of 106842536?
6
What is the tens digit of 89078208?
0
What is the ten thousands digit of 4393984723?
8
What is the millions digit of 46626360?
6
What is the tens digit of 1086945942?
4
What is the hundred millions digit of 6851072941?
8
What is the tens digit of 207080863?
6
What is the tens digit of 130574618?
1
What is the millions digit of 21403762?
1
What is the tens digit of 36976187?
8
What is the ten thousands digit of 826913041?
1
What is the thousands digit of 311688541?
8
What is the millions digit of 55582573?
5
What is